 6*l(z) - 4*y(z). What is the remainder when b(-4) is divided by c?
11
Let c(x) = 9*x - 6. Let i be c(1). Suppose 2*u - 84 = -i*t - 2*u, -3*u = 0. Calculate the remainder when 83 is divided by t.
27
Suppose 4*u = -u + 5, -4*r = -u - 67. What is the remainder when 186 is divided by r?
16
Suppose 0 = 5*i - 250 - 35. Calculate the remainder when i is divided by 1 + (1 + 1 - -17).
17
Let o = -775 + 860. Calculate the remainder when 158 is divided by o.
73
Suppose 5*a - 15 + 0 = 0. Let b be (23 - 18)*1*3. Suppose -14*l = -b*l + 5. What is the remainder when l is divided by a?
2
Let q(r) = -2*r + 3. Let k(t) = -19*t - 690. Calculate the remainder when k(-39) is divided by q(-6).
6
Calculate the remainder when 94 is divided by (-180)/(-18) + 25 + -3.
30
Let c(y) = -y**2 - 84*y + 112. What is the remainder when c(-40) is divided by 14?
10
Let s be (-5 - -8)/((-6)/4)*-11. Let p = s - -5. What is the remainder when p is divided by 5?
2
Suppose -39*c - 69 = -576. Calculate the remainder when 775 is divided by c.
8
Let o(u) = -u**3 + 3*u**2 + 12*u. Let k be o(6). Let p = k + 68. Calculate the remainder when 122 is divided by p.
26
Suppose -24 = -3*x + 9. Let l be (28/2)/(((-12)/9)/2). Let s = l + 86. What is the remainder when s is divided by x?
10
Let p be (-4)/(-6) + 960/(-36). Let q = p + 32. Calculate the remainder when 21 is divided by q.
3
Suppose -11*f + 5*f = -222. Let l(g) = g**2 + 6*g + 3. What is the remainder when f is divided by l(-7)?
7
Let d(h) = h**3 - 3*h**2 + 4. Let i be d(3). Let f = i - -1. Let s(a) = a**2 - 15*a - 64. What is the remainder when s(19) is divided by f?
2
Suppose 2*z + 54 = -102. Let s = z + 104. Let h = 34 - 24. What is the remainder when s is divided by h?
6
Suppose -3*j + 182 = 4*j. Suppose -l - c + 21 = 0, 0*l - 2*c - j = -2*l. What is the remainder when 100 is divided by l?
15
Suppose 1265*q - 408 = 1259*q. Calculate the remainder when q is divided by 2.
0
Suppose -94 = -l - 12. Calculate the remainder when l is divided by 82.
0
Let i = -14 + 25. Suppose -5*c = i + 14. What is the remainder when -1*3 + (51 - c) is divided by 14?
11
What is the remainder when ((-42)/(-4))/(216/4464) is divided by 56?
49
Let z be (1 + 1)*17/34. Suppose k = 42 - z. What is the remainder when k is divided by 11?
8
Suppose 150 = 29*m - 23*m. What is the remainder when 272 is divided by m?
22
Let o(t) = 15*t - 72. Calculate the remainder when 31 is divided by o(6).
13
Let d = 116 + -106. Let m(s) = 99*s - 1. Calculate the remainder when m(1) is divided by d.
8
Let i = -261 - -125. Let c = -119 - i. What is the remainder when 134 is divided by c?
15
Let g(y) = 2*y + 20. Let x be g(-10). Suppose x = 4*v - 3*v + 3*j - 10, -5*v = j - 8. What is the remainder when v is divided by 1?
0
Suppose 5*h = 288 + 57. Calculate the remainder when h is divided by 3.
0
Let k = 172 + -162. Calculate the remainder when 836/14 - 2/(-7) is divided by (5/(k/128))/2.
28
Let t = 995 + -331. What is the remainder when t is divided by 74?
72
Let g(k) = 28*k - 25. Let w be g(4). Suppose 3*t - 85 = -x + 5*t, 0 = -x + 3*t + w. Calculate the remainder when x is divided by 22.
15
Let j(q) = -q**2 + 6*q - 3. Suppose 0 = -4*l + 7*l - 30. Suppose -l = -2*r - 4. What is the remainder when r is divided by j(5)?
1
Let y = -720 - -739. What is the remainder when 140 is divided by y?
7
Suppose 2*f + 2 - 4 = -4*y, f + y - 4 = 0. Suppose f*v = -v + 968. Calculate the remainder when v is divided by 41.
39
Let x be 0/2 - (-18 + 18). Let b(w) = -w**2 + w + 7. Calculate the remainder when 19 is divided by b(x).
5
Suppose 0 = 5*l - d - 0 - 150, 120 = 4*l + 2*d. Let y(r) = r**2 - r - 2. Let v be y(-3). Suppose 0 = 5*p - 90 + v. What is the remainder when l is divided by p?
14
Let q be 140/(-6) + 7/21. Let x = 35 + -33. Let b = x - q. Calculate the remainder when 98 is divided by b.
23
Let l = -29 - -53. What is the remainder when 233 is divided by l?
17
Suppose 590*x + 84 = 593*x. What is the remainder when 193 is divided by x?
25
Let c = -55 + 131. What is the remainder when 187 is divided by (-3)/(-1)*c/6?
35
Suppose -11*z + 28*z = 1020. What is the remainder when z is divided by 3?
0
Suppose -4*r + 5*r - 3*j - 29 = 0, -5*j - 15 = 0. Calculate the remainder when 377 is divided by r.
17
What is the remainder when (-24)/12 - (-572)/4 is divided by 9?
6
Let q(k) = k**3 - 36*k**2 + 15*k + 32. Calculate the remainder when q(36) is divided by 14.
12
Let j = -200 + 216. What is the remainder when j is divided by 11?
5
Suppose -6*s - 14*s + 700 = 0. What is the remainder when 81 is divided by s?
11
Let c be -75*(0 + 3)/3. Let l = c + 136. What is the remainder when l is divided by 16?
13
Suppose -456 = -6*f - 378. What is the remainder when (-1)/(-3) - 376/(-6) is divided by f?
11
Suppose 12*z - 5*z + 126 = 0. Calculate the remainder when 4/z + 195/27 is divided by 4.
3
Let s(u) = 63*u**2 - 2. Suppose -2*d - 8 = -4*l, 5*l = 2*d - 6*d - 3. What is the remainder when s(l) is divided by 16?
13
Let c(p) = p**2 + 16*p + 6. Let m be c(-15). Let d(n) = -n**2 - 10*n + 3. Calculate the remainder when (-2 - 30)/(-2) + 2 is divided by d(m).
6
Let l(r) = -5*r**2 - 2*r + 20. Let c(b) = b**2 + b - 1. What is the remainder when c(2) is divided by l(-2)?
1
Let n = 10 - 10. Suppose n = 2*d + 1 + 9, 3*z = -5*d + 41. What is the remainder when 26 is divided by z?
4
Let r be (-1)/(-1)*-1*5. Let n(m) = m**3 + 8*m**2 + 8*m + 6. Let a = 53 - 42. Calculate the remainder when n(r) is divided by a.
8
Suppose 1 + 4 = v. Suppose 0 = 4*w - 2*w + 8, -5*w - 105 = -v*i. What is the remainder when i is divided by 6?
5
Suppose 4*q - 331 - 409 = -u, -q = 5*u - 185. What is the remainder when q is divided by 1/(-4) + 250/8?
30
Let t be (4/2)/(4/14). Let o be 3/1*(-8)/(-6). Suppose -9 = -o*l + t. What is the remainder when l is divided by 3?
1
Suppose 5*h = 5*i - 12 - 343, i - 3*h = 65. What is the remainder when 129 is divided by i?
55
What is the remainder when 204 is divided by (2/(-4))/(1*9/(-936))?
48
Let f(g) = g**2 + 26*g + 111. Let d = 12 + -8. Calculate the remainder when f(-21) is divided by d.
2
What is the remainder when 604 is divided by ((-19)/2)/(100/(-32) - -3)?
72
Suppose 26*d - 10063 - 4003 = 0. What is the remainder when d is divided by 17?
14
Let r(d) = 151*d**2 - 13*d + 13. Calculate the remainder when 613 is divided by r(1).
9
Suppose 4*f + f - 180 = 0. Let d(g) = -g**2 + 14*g + 13. Let k be d(11). Suppose -2*j - 8 = -k. Calculate the remainder when f is divided by j.
17
Suppose -o = -2*t - 254 + 77, 5*o + 2*t - 873 = 0. Calculate the remainder when o is divided by 44.
43
Suppose -15 = -z - 0. Let f(u) = u**3 + 17*u**2 + 22*u + 27. Let c be f(-16). Let s = c - -128. What is the remainder when s is divided by z?
14
Suppose 3*m + 4 = 19. Let a(v) = -v**3 + 9*v**2 + 10*v + 5. Let p be a(10). Suppose -30 = -m*h - p. Calculate the remainder when h is divided by 1.
0
Let s(u) = -26*u - 226. Let r be 0*(-2)/8*2. Suppose -5*z = -r*z - 70. What is the remainder when z is divided by s(-9)?
6
Let b(a) = a**3 + 5*a**2 + 4*a. Let y be b(-4). Let i = 43 + y. Calculate the remainder when 127 is divided by i.
41
Suppose -5*w = -f - 1368, -w + 4*f + f + 288 = 0. What is the remainder when w is divided by 15?
3
Let z be (-2)/3 - (-632)/3. Suppose -z = -5*n + 250. Calculate the remainder when n is divided by 31.
30
Suppose -21 - 17 = u + 4*y, 2*y = 3*u + 156. Let i = -25 - u. What is the remainder when i is divided by 13?
12
Suppose -506 = 4*l + 5*w, 4*l - 635 = 9*l + 5*w. Let o = l + 136. Calculate the remainder when 26 is divided by o.
5
Let v(i) = i**2 - 3*i - 1. Let m(c) = 3*c - 9. Let z be m(5). Let j = z - 12. Calculate the remainder when v(j) is divided by 14.
11
Let u = -120 + 287. Let z be (-6)/10 + u/(-5). Calculate the remainder when 32 is divided by z/(1 + (-1 - 2)).
15
Let u = 26 - 8. Calculate the remainder when 66 is divided by u.
12
Suppose y + 1 = 3. Suppose -y*t = -f - 136, 3*t + 4*f - 204 = -f. Let b(g) = 4*g - 9. Calculate the remainder when t is divided by b(8).
22
Suppose -3*l = n - 4*l + 25, -3*l = 15. Let z = 72 + n. Calculate the remainder when z is divided by 26.
16
Suppose -2*l = -c - 438, -5*l + 7*c - 6*c + 1089 = 0. What is the remainder when l is divided by 10?
7
Suppose 18 = k + 6. Suppos